divisor of 159 and 329077?
53
What is the highest common divisor of 413128 and 71292?
1828
What is the highest common factor of 7913 and 191263?
193
What is the greatest common divisor of 37 and 127613?
37
Calculate the greatest common factor of 8542589 and 22.
11
What is the greatest common factor of 348 and 24630?
6
What is the greatest common factor of 1332152 and 890?
178
What is the highest common factor of 90 and 480765?
15
What is the highest common divisor of 5096 and 424?
8
What is the greatest common divisor of 9 and 57312?
9
What is the highest common divisor of 71055 and 160?
5
What is the highest common factor of 18 and 1309734?
18
What is the highest common divisor of 12900 and 40350?
150
Calculate the greatest common divisor of 5 and 4660.
5
Calculate the greatest common divisor of 133819 and 14.
7
What is the highest common factor of 5 and 95915?
5
What is the highest common factor of 12256 and 488325?
383
Calculate the highest common factor of 24032 and 18775.
751
Calculate the greatest common factor of 1712 and 80357.
107
Calculate the highest common divisor of 3184 and 211338.
398
Calculate the highest common divisor of 93041 and 442.
221
What is the greatest common divisor of 534 and 102?
6
Calculate the highest common factor of 258963 and 111.
111
What is the highest common factor of 19830 and 24?
6
What is the greatest common divisor of 285 and 115330?
95
Calculate the greatest common factor of 1273 and 7571.
67
What is the highest common factor of 2755632 and 561?
561
What is the highest common factor of 7144 and 20?
4
What is the greatest common factor of 15 and 1803?
3
Calculate the highest common factor of 991850 and 478.
478
Calculate the greatest common factor of 117572 and 9464.
364
What is the highest common factor of 1744 and 4632?
8
Calculate the highest common divisor of 9108 and 108.
36
Calculate the greatest common divisor of 43894 and 102.
34
What is the greatest common factor of 2211 and 3729?
33
Calculate the highest common divisor of 417 and 4629.
3
Calculate the highest common factor of 568002 and 19728.
822
What is the greatest common divisor of 134298 and 324?
162
Calculate the highest common divisor of 28149 and 528.
33
Calculate the highest common divisor of 65 and 18325.
5
What is the highest common factor of 106 and 90418?
106
What is the greatest common factor of 162 and 103122?
18
What is the highest common divisor of 413688 and 30?
6
Calculate the highest common divisor of 23159 and 3.
1
What is the greatest common divisor of 45760 and 40?
40
What is the greatest common divisor of 16812 and 1548?
36
Calculate the greatest common divisor of 2655 and 1186254.
531
What is the highest common factor of 154 and 9856?
154
Calculate the greatest common factor of 5753 and 583.
11
Calculate the greatest common factor of 85 and 3260090.
85
Calculate the greatest common divisor of 4020 and 95.
5
What is the highest common divisor of 130606 and 9044?
266
Calculate the highest common divisor of 96811 and 143.
143
Calculate the highest common divisor of 1630 and 618096.
326
What is the highest common divisor of 10176534 and 47?
47
What is the greatest common factor of 72 and 510372?
36
What is the highest common factor of 3362 and 2?
2
Calculate the highest common divisor of 2115 and 39762.
423
What is the greatest common divisor of 53876 and 8?
4
What is the greatest common divisor of 295872 and 134?
134
Calculate the greatest common divisor of 495 and 24057.
99
What is the highest common divisor of 35 and 10249190?
35
Calculate the highest common factor of 17 and 37672.
17
What is the highest common divisor of 384 and 15840?
96
What is the greatest common factor of 12860 and 500?
20
Calculate the highest common divisor of 18 and 73503.
9
What is the greatest common factor of 81964 and 248?
124
Calculate the highest common factor of 7 and 1518.
1
What is the greatest common divisor of 286128 and 432?
144
Calculate the highest common factor of 47606 and 26.
26
Calculate the highest common divisor of 79286 and 174.
58
What is the highest common factor of 187920 and 3625?
145
What is the highest common factor of 9518184 and 144?
72
Calculate the greatest common factor of 1515976 and 56.
56
Calculate the greatest common factor of 58310 and 170.
170
What is the greatest common factor of 1908 and 443928?
636
Calculate the greatest common divisor of 912 and 12257280.
912
What is the greatest common factor of 167 and 116232?
167
What is the highest common divisor of 6 and 3591222?
6
Calculate the highest common divisor of 33 and 247566.
33
What is the greatest common factor of 11375 and 2860?
65
Calculate the greatest common divisor of 315 and 12288780.
315
What is the greatest common divisor of 76130 and 690?
230
Calculate the greatest common factor of 8920 and 9720.
40
Calculate the highest common divisor of 21907 and 323.
19
What is the highest common factor of 299292 and 392?
196
Calculate the highest common divisor of 67 and 29748.
67
What is the highest common factor of 3253058 and 94?
94
Calculate the greatest common divisor of 5442154 and 818.
818
What is the highest common factor of 3333 and 2323?
101
Calculate the highest common divisor of 2118 and 26.
2
What is the greatest common factor of 88 and 460493?
11
Calculate the greatest common factor of 137893 and 7.
7
What is the greatest common factor of 80 and 312460?
20
What is the greatest common factor of 836811 and 135?
27
What is the greatest common divisor of 1750 and 8386?
14
What is the greatest common factor of 12090621 and 102?
51
Calculate the greatest common divisor of 115943 and 92.
23
What is the highest common divisor of 132 and 132564?
12
What is the greatest common divisor of 31910 and 10?
10
What is the highest common divisor of 14989 and 13?
13
Calculate the greatest common divisor of 12 and 55236.
12
What is the greatest common factor of 765 and 3015?
45
What is the greatest common divisor of 442022 and 14?
14
What is the highest common factor of 16 and 11?
1
Calculate the highest common factor of 237 and 6557.
79
Calculate the highest common factor of 35 and 1872661.
7
Calculate the highest common factor of 4833 and 729.
27
Calculate the highest common factor of 6631 and 342.
19
Calculate the highest common divisor of 24 and 919192.
8
What is the highest common divisor of 156116 and 112051?
1259
Calculate the greatest common divisor of 1702 and 23976.
74
Calculate the highest common divisor of 58469 and 24775.
991
Calculate the highest common divisor of 947544 and 104.
104
What is the highest common divisor of 1794 and 184?
46
What is the highest common factor of 100 and 14929000?
100
Calculate the greatest common factor of 639 and 4140.
9
What is the highest common divisor of 360 and 40380?
60
What is the highest common factor of 6146 and 378?
14
Calculate the greatest common factor of 153 and 6759081.
153
Calculate the greatest common factor of 9120 and 12120.
120
Calculate the greatest common factor of 2308410 and 4680.
1170
Calculate the greatest common factor of 1 and 233.
1
What is the highest common divisor of 23 and 86641?
23
Calculate the highest common factor of 20 and 33430.
10
Calculate the greatest common divisor of 7749 and 270.
27
Calculate the greatest common divisor of 171 and 88863.
57
What is the greatest common factor of 2782 and 15899?
13
What is the greatest common divisor of 14790 and 122757?
1479
What is the greatest common divisor of 520168 and 792?
88
Calculate the highest common divisor of 189 and 105327.
27
What is the greatest common divisor of 21 and 55272?
21
What is the highest common factor of 38112 and 96?
96
What is the highest common divisor of 2248 and 218?
2
What is the greatest common divisor of 159 and 283391?
53
What is the highest common factor of 6018 and 37170?
354
Calculate the highest common factor of 20007 and 546.
39
What is the highest common divisor of 1363624 and 46?
46
Calculate the greatest common divisor of 14 and 227388.
14
What is the highest common divisor of 1218 and 5297082?
1218
What is the highest common divisor of 8454 and 2?
2
What is the highest common factor of 190 and 2851710?
190
What is the highest common divisor of 1861520 and 112?
16
Calculate the greatest common d